{"id":8,"date":"2018-11-26T22:19:27","date_gmt":"2018-11-26T21:19:27","guid":{"rendered":"http:\/\/branisko.villanet.sk\/?page_id=8"},"modified":"2019-10-24T17:29:15","modified_gmt":"2019-10-24T15:29:15","slug":"uvodna-stranka","status":"publish","type":"page","link":"https:\/\/branisko.villanet.sk\/","title":{"rendered":"Pohorie Branisko"},"content":{"rendered":"<p>Vitajte na ofici\u00e1lnych str\u00e1nkach ob\u010dianskeho zdru\u017eenia Pohorie Branisko, kde n\u00e1jdete v\u0161etky potrebn\u00e9 inform\u00e1cie o n\u00e1s a na\u0161ich cie\u013eoch a pl\u00e1noch. Okrem toho sa tu taktie\u017e dozviete aj mno\u017estvo zauj\u00edmavost\u00ed o samotnom pohor\u00ed Branisko a jeho okol\u00ed.<\/p>\n\n\n<h3 class=\"wp-block-heading\">Najnov\u0161ie \u010dl\u00e1nky<\/h3>\n\n\n<ul class=\"wp-block-latest-posts__list wp-block-latest-posts\"><li><a class=\"wp-block-latest-posts__post-title\" href=\"https:\/\/branisko.villanet.sk\/?p=1\">7 najkraj\u0161\u00edch v\u00fdh\u013eadov pohoria Branisko<\/a><\/li>\n<\/ul>\n\n\n<h3 class=\"wp-block-heading\">Webkamera na S\u013eubici<\/h3>\n\n\n\n<p><a href=\"http:\/\/slubica.villanet.sk\/\">http:\/\/slubica.villanet.sk\/<\/a><\/p>\n","protected":false},"excerpt":{"rendered":"<p>Vitajte na ofici\u00e1lnych str\u00e1nkach ob\u010dianskeho zdru\u017eenia Pohorie Branisko, kde n\u00e1jdete v\u0161etky potrebn\u00e9 inform\u00e1cie o n\u00e1s a na\u0161ich cie\u013eoch a pl\u00e1noch.&hellip;<\/p>\n","protected":false},"author":1,"featured_media":47,"parent":0,"menu_order":0,"comment_status":"closed","ping_status":"closed","template":"","meta":{"footnotes":""},"class_list":["post-8","page","type-page","status-publish","has-post-thumbnail","hentry"],"_links":{"self":[{"href":"https:\/\/branisko.villanet.sk\/index.php?rest_route=\/wp\/v2\/pages\/8","targetHints":{"allow":["GET"]}}],"collection":[{"href":"https:\/\/branisko.villanet.sk\/index.php?rest_route=\/wp\/v2\/pages"}],"about":[{"href":"https:\/\/branisko.villanet.sk\/index.php?rest_route=\/wp\/v2\/types\/page"}],"author":[{"embeddable":true,"href":"https:\/\/branisko.villanet.sk\/index.php?rest_route=\/wp\/v2\/users\/1"}],"replies":[{"embeddable":true,"href":"https:\/\/branisko.villanet.sk\/index.php?rest_route=%2Fwp%2Fv2%2Fcomments&post=8"}],"version-history":[{"count":7,"href":"https:\/\/branisko.villanet.sk\/index.php?rest_route=\/wp\/v2\/pages\/8\/revisions"}],"predecessor-version":[{"id":130,"href":"https:\/\/branisko.villanet.sk\/index.php?rest_route=\/wp\/v2\/pages\/8\/revisions\/130"}],"wp:featuredmedia":[{"embeddable":true,"href":"https:\/\/branisko.villanet.sk\/index.php?rest_route=\/wp\/v2\/media\/47"}],"wp:attachment":[{"href":"https:\/\/branisko.villanet.sk\/index.php?rest_route=%2Fwp%2Fv2%2Fmedia&parent=8"}],"curies":[{"name":"wp","href":"https:\/\/api.w.org\/{rel}","templated":true}]}}